658?
14
What is the highest common factor of 882 and 288?
18
Calculate the greatest common divisor of 64 and 3296.
32
What is the highest common factor of 815 and 2282?
163
What is the highest common factor of 66 and 1056?
66
What is the highest common factor of 270 and 2880?
90
Calculate the greatest common factor of 212 and 3392.
212
What is the highest common divisor of 121 and 55?
11
Calculate the highest common factor of 25090 and 13.
13
Calculate the greatest common divisor of 324 and 120.
12
What is the greatest common divisor of 2254 and 294?
98
Calculate the highest common factor of 4368 and 351.
39
What is the highest common factor of 181 and 20091?
181
What is the greatest common factor of 3674 and 198?
22
What is the highest common factor of 117 and 585?
117
Calculate the highest common divisor of 1518 and 828.
138
What is the highest common divisor of 102 and 12?
6
What is the greatest common factor of 2328 and 16?
8
Calculate the greatest common divisor of 160 and 2.
2
What is the highest common factor of 30 and 10?
10
Calculate the highest common divisor of 99 and 77.
11
Calculate the greatest common divisor of 30 and 489.
3
What is the greatest common divisor of 80 and 256?
16
What is the greatest common factor of 14750 and 118?
118
Calculate the highest common divisor of 23 and 4.
1
What is the highest common factor of 513 and 627?
57
What is the highest common divisor of 46 and 2?
2
What is the highest common divisor of 414 and 558?
18
What is the highest common divisor of 12261 and 549?
183
What is the highest common divisor of 2720 and 250?
10
What is the greatest common factor of 14 and 133?
7
Calculate the highest common divisor of 14514 and 295.
59
What is the greatest common divisor of 255 and 833?
17
Calculate the greatest common divisor of 748 and 1012.
44
Calculate the greatest common factor of 469 and 28.
7
Calculate the highest common factor of 9 and 81.
9
Calculate the highest common factor of 81 and 2.
1
Calculate the greatest common divisor of 63 and 18.
9
What is the greatest common factor of 21060 and 2268?
324
Calculate the greatest common divisor of 208 and 78.
26
Calculate the highest common divisor of 6 and 522.
6
Calculate the highest common factor of 21 and 21.
21
Calculate the greatest common divisor of 12257 and 17.
17
Calculate the greatest common factor of 1680 and 15.
15
What is the highest common factor of 288 and 32?
32
What is the highest common factor of 855 and 665?
95
Calculate the greatest common divisor of 22 and 11.
11
What is the greatest common factor of 2464 and 77?
77
Calculate the highest common divisor of 51 and 238.
17
What is the greatest common divisor of 297 and 6336?
99
Calculate the highest common divisor of 1818 and 18.
18
What is the highest common factor of 40 and 35?
5
Calculate the greatest common divisor of 2 and 1418.
2
What is the highest common divisor of 2567 and 1359?
151
Calculate the highest common factor of 8 and 472.
8
What is the greatest common factor of 110 and 55?
55
Calculate the greatest common divisor of 65 and 26.
13
What is the highest common divisor of 80 and 1060?
20
Calculate the greatest common divisor of 100 and 650.
50
What is the greatest common divisor of 4 and 496?
4
What is the greatest common divisor of 575 and 460?
115
Calculate the highest common divisor of 53 and 4187.
53
What is the greatest common factor of 20 and 1270?
10
What is the highest common factor of 1393 and 7?
7
What is the greatest common divisor of 4935 and 420?
105
Calculate the highest common factor of 27 and 351.
27
What is the greatest common factor of 338 and 78?
26
What is the highest common divisor of 187 and 11?
11
What is the highest common factor of 145 and 5?
5
What is the highest common factor of 145 and 1015?
145
What is the highest common divisor of 2075 and 1025?
25
Calculate the highest common divisor of 111 and 24.
3
Calculate the highest common factor of 152 and 104.
8
What is the greatest common divisor of 168 and 1246?
14
Calculate the greatest common divisor of 351 and 377.
13
What is the greatest common divisor of 43 and 14?
1
What is the highest common divisor of 130 and 364?
26
What is the greatest common divisor of 275 and 5?
5
What is the highest common factor of 728 and 280?
56
Calculate the highest common factor of 3056 and 16.
16
Calculate the greatest common factor of 360 and 760.
40
Calculate the greatest common factor of 209 and 323.
19
What is the greatest common factor of 36 and 5625?
9
What is the highest common factor of 60 and 840?
60
What is the greatest common factor of 455 and 390?
65
Calculate the highest common divisor of 28 and 686.
14
What is the greatest common factor of 621 and 23?
23
What is the greatest common factor of 78 and 208?
26
Calculate the greatest common factor of 366 and 1586.
122
Calculate the highest common factor of 1121 and 59.
59
Calculate the greatest common divisor of 7592 and 416.
104
What is the highest common factor of 104 and 28?
4
What is the highest common divisor of 75 and 165?
15
Calculate the greatest common factor of 77 and 3.
1
Calculate the highest common divisor of 40 and 50.
10
Calculate the highest common factor of 54 and 39069.
27
Calculate the greatest common factor of 195 and 120.
15
Calculate the highest common factor of 102 and 1122.
102
Calculate the greatest common divisor of 6 and 258.
6
What is the greatest common factor of 58 and 1450?
58
Calculate the highest common divisor of 1680 and 525.
105
Calculate the greatest common divisor of 40 and 664.
8
What is the highest common factor of 122 and 1891?
61
What is the greatest common divisor of 1054 and 34?
34
Calculate the highest common factor of 11501 and 7.
7
Calculate the highest common factor of 174 and 1566.
174
Calculate the greatest common factor of 850 and 34.
34
What is the highest common divisor of 21 and 9?
3
Calculate the highest common factor of 18 and 279.
9
Calculate the greatest common divisor of 247 and 13.
13
What is the highest common divisor of 15251 and 202?
101
What is the greatest common divisor of 1147 and 111?
37
What is the highest common factor of 77 and 6237?
77
What is the highest common divisor of 134 and 10586?
134
Calculate the highest common divisor of 489 and 48.
3
Calculate the highest common divisor of 782 and 68.
34
Calculate the greatest common factor of 412 and 103.
103
Calculate the greatest common factor of 123 and 82.
41
Calculate the highest common factor of 8 and 18.
2
Calculate the highest common divisor of 26864 and 146.
146
Calculate the highest common divisor of 666 and 36.
18
What is the greatest common divisor of 290 and 464?
58
Calculate the highest common divisor of 667 and 23.
23
Calculate the greatest common divisor of 216 and 1336.
8
What is the highest common factor of 165 and 915?
15
Calculate the greatest common divisor of 319 and 2291.
29
What is the greatest common divisor of 2136 and 1246?
178
Calculate the greatest common divisor of 234 and 54.
18
What is the greatest common divisor of 24 and 344?
8
What is the highest common factor of 1504 and 16?
16
What is the highest common factor of 234 and 360?
18
What is the greatest common factor of 62 and 6014?
62
Calculate the greatest common factor of 190 and 40.
10
What is the greatest common factor of 88 and 671?
11
What is the greatest common factor of 262 and 2?
2
Calculate the greatest common divisor of 12 and 44964.
12
What is the highest common divisor of 190 and 114?
38
Calculate the greatest common divisor of 300 and 1320.
60
Calculate the greatest common divisor of 2584 and 6137.
323
What is the highest common divisor of 423 and 188?
47
Calculate the highest common factor of 57 and 95.
19
Calculate the greatest common factor of 77 and 198.
11
What is the greatest common factor of 136 and 187?
17
What is the highest common factor of 730 and 4234?
146
What is the highest common divisor of 999 and 370?
37
What is the greatest common factor of 327 and 3?
3
What is the highest common divisor of 480 and 260?
20
What is the greatest common divisor of 33418 and 308?
154
What is the greatest common factor of 1280 and 20?
20
Calculate the highest common divisor of 768 and 448.
64
What is the greatest common divisor of 108 and 48?